 of 1058?
2, 23
List the prime factors of 1802.
2, 17, 53
What are the prime factors of 2073?
3, 691
What are the prime factors of 4848?
2, 3, 101
List the prime factors of 1770.
2, 3, 5, 59
List the prime factors of 7188.
2, 3, 599
List the prime factors of 1875.
3, 5
List the prime factors of 1028.
2, 257
What are the prime factors of 34451?
47, 733
What are the prime factors of 11868?
2, 3, 23, 43
List the prime factors of 28151.
28151
List the prime factors of 34884.
2, 3, 17, 19
What are the prime factors of 58596?
2, 3, 19, 257
What are the prime factors of 1971?
3, 73
What are the prime factors of 20554?
2, 43, 239
What are the prime factors of 51434?
2, 25717
What are the prime factors of 30305?
5, 11, 19, 29
What are the prime factors of 1107?
3, 41
What are the prime factors of 1485?
3, 5, 11
What are the prime factors of 25871?
41, 631
What are the prime factors of 392?
2, 7
List the prime factors of 20718.
2, 3, 1151
What are the prime factors of 1246?
2, 7, 89
What are the prime factors of 1387?
19, 73
What are the prime factors of 11973?
3, 13, 307
What are the prime factors of 30273?
3, 10091
What are the prime factors of 73259?
73259
List the prime factors of 18785.
5, 13, 17
List the prime factors of 9246.
2, 3, 23, 67
List the prime factors of 9137.
9137
What are the prime factors of 436?
2, 109
List the prime factors of 8158.
2, 4079
List the prime factors of 2924.
2, 17, 43
What are the prime factors of 6728?
2, 29
List the prime factors of 38565.
3, 5, 857
What are the prime factors of 429?
3, 11, 13
List the prime factors of 104374.
2, 23, 2269
List the prime factors of 5113.
5113
What are the prime factors of 3354?
2, 3, 13, 43
List the prime factors of 112335.
3, 5, 7489
List the prime factors of 18060.
2, 3, 5, 7, 43
List the prime factors of 20542.
2, 10271
List the prime factors of 14135.
5, 11, 257
List the prime factors of 1661.
11, 151
What are the prime factors of 6250?
2, 5
What are the prime factors of 6685?
5, 7, 191
List the prime factors of 5975.
5, 239
List the prime factors of 1718.
2, 859
What are the prime factors of 391?
17, 23
List the prime factors of 34368.
2, 3, 179
List the prime factors of 134512.
2, 7, 1201
What are the prime factors of 571?
571
List the prime factors of 1159.
19, 61
List the prime factors of 2591.
2591
What are the prime factors of 7331?
7331
List the prime factors of 155.
5, 31
What are the prime factors of 5336?
2, 23, 29
List the prime factors of 239.
239
What are the prime factors of 6102?
2, 3, 113
List the prime factors of 25681.
61, 421
What are the prime factors of 69267?
3, 11, 2099
What are the prime factors of 7537?
7537
What are the prime factors of 5492?
2, 1373
List the prime factors of 18921.
3, 7, 17, 53
What are the prime factors of 1249?
1249
List the prime factors of 629.
17, 37
List the prime factors of 20273.
11, 19, 97
List the prime factors of 927.
3, 103
List the prime factors of 1302.
2, 3, 7, 31
List the prime factors of 1517.
37, 41
List the prime factors of 2600.
2, 5, 13
List the prime factors of 5862.
2, 3, 977
List the prime factors of 277.
277
List the prime factors of 977.
977
What are the prime factors of 765?
3, 5, 17
List the prime factors of 41062.
2, 7, 419
List the prime factors of 844.
2, 211
List the prime factors of 8810.
2, 5, 881
What are the prime factors of 7129?
7129
List the prime factors of 45188.
2, 11, 13, 79
What are the prime factors of 2315?
5, 463
List the prime factors of 44020.
2, 5, 31, 71
What are the prime factors of 68829?
3, 22943
List the prime factors of 30637.
30637
List the prime factors of 29548.
2, 83, 89
What are the prime factors of 55765?
5, 19, 587
List the prime factors of 874.
2, 19, 23
List the prime factors of 3448.
2, 431
List the prime factors of 43826.
2, 17, 1289
What are the prime factors of 37461?
3, 12487
What are the prime factors of 54096?
2, 3, 7, 23
List the prime factors of 1892.
2, 11, 43
What are the prime factors of 17358?
2, 3, 11, 263
List the prime factors of 31981.
31981
List the prime factors of 1823.
1823
What are the prime factors of 6073?
6073
What are the prime factors of 1550?
2, 5, 31
List the prime factors of 33.
3, 11
What are the prime factors of 5981?
5981
List the prime factors of 128013.
3, 71, 601
What are the prime factors of 65837?
65837
List the prime factors of 20791.
17, 1223
What are the prime factors of 8918?
2, 7, 13
List the prime factors of 1084.
2, 271
What are the prime factors of 1350?
2, 3, 5
What are the prime factors of 11583?
3, 11, 13
List the prime factors of 2755.
5, 19, 29
What are the prime factors of 1995?
3, 5, 7, 19
What are the prime factors of 8927?
79, 113
List the prime factors of 1881.
3, 11, 19
List the prime factors of 22009.
13, 1693
List the prime factors of 5307.
3, 29, 61
List the prime factors of 9808.
2, 613
What are the prime factors of 3008?
2, 47
List the prime factors of 28129.
23, 1223
What are the prime factors of 160269?
3, 41, 1303
List the prime factors of 16871.
16871
List the prime factors of 10506.
2, 3, 17, 103
List the prime factors of 49.
7
What are the prime factors of 51163?
7, 7309
List the prime factors of 36627.
3, 29, 421
List the prime factors of 155695.
5, 31139
What are the prime factors of 8813?
7, 1259
List the prime factors of 42170.
2, 5, 4217
What are the prime factors of 15859?
15859
List the prime factors of 31531.
31531
List the prime factors of 4341.
3, 1447
List the prime factors of 97385.
5, 19477
What are the prime factors of 8997?
3, 2999
List the prime factors of 1768.
2, 13, 17
What are the prime factors of 879?
3, 293
What are the prime factors of 1275?
3, 5, 17
What are the prime factors of 3059?
7, 19, 23
List the prime factors of 182.
2, 7, 13
List the prime factors of 194.
2, 97
What are the prime factors of 2582?
2, 1291
List the prime factors of 34708.
2, 8677
What are the prime factors of 3289?
11, 13, 23
List the prime factors of 2485.
5, 7, 71
List the prime factors of 7245.
3, 5, 7, 23
List the prime factors of 42839.
42839
What are the prime factors of 934?
2, 467
What are the prime factors of 87836?
2, 7, 3137
List the prime factors of 6288.
2, 3, 131
What are the prime factors of 3421?
11, 311
What are the prime factors of 4226?
2, 2113
What are the prime factors of 1052?
2, 263
List the prime factors of 1810.
2, 5, 181
List the prime factors of 1411.
17, 83
What are the prime factors of 62006?
2, 7, 43, 103
List the prime factors of 1783.
1783
List the prime factors of 1178.
2, 19, 31
List the prime factors of 31395.
3, 5, 7, 13, 23
What are the prime factors of 1730?
2, 5, 173
What are the prime factors of 109105?
5, 21821
What are the prime factors of 137389?
7, 19, 1033
What are the prime factors of 961?
31
List the prime factors of 6348.
2, 3, 23
List the prime factors of 2642.
2, 1321
List the prime factors of 7942.
2, 11, 19
What are the prime factors of 5843?
5843
What are the prime factors of 94?
2, 47
What are the prime factors of 9115?
5, 1823
List the prime factors of 54050.
2, 5, 23, 47
What are the prime factors of 49124?
2, 12281
List the prime factors of 99.
3, 11
List the prime factors of 1929.
3, 643
What are the prime factors of 69281?
29, 2389
What are the prime factors of 70565?
5, 11, 1283
What are the prime factors of 5960?
2, 5, 149
List the prime factors of 7102.
2, 53, 67
What are the prime factors of 158535?
3, 5, 13, 271
List the prime factors of 20153.
7, 2879
List the prime factors of 769.
769
What are the prime factors of 1228?
2, 307
What are the prime factors of 39221?
7, 13, 431
List the prime factors of 10765.
5, 2153
What are the prime factors of 1128?
2, 3, 47
What are the prime factors of 44777?
44777
List the prime factors of 649.
11, 59
List the prime factors of 5.
5
What are the prime factors of 1104?
2, 3, 23
List the prime factors of 18773.
18773
List the prime factors of 44072.
2, 7, 787
List the prime factors of 1661.
11, 151
What are the prime factors of 2157?
3, 719
List the prime factors of 2616.
2, 3, 109
What are the prime factors of 19821?
3, 6607
List the prime factors of 53014.
2, 13, 2039
List the prime factors of 144469.
13, 11113
List the prime factors of 568.
2, 71
List the prime factors of 822.
2, 3, 137
List the prime f